-69
Let k(b) = 2*b**3 - 9*b**2 - 3*b + 29. Determine k(4).
1
Let h(q) = q - 2. Determine h(-6).
-8
Let c(v) = -v**2 + 2*v + 34. Determine c(7).
-1
Let x(r) = -3*r**2 - 4*r + 1. What is x(-3)?
-14
Let x(v) = -v**3 + 14*v**2 - 13*v + 5. Calculate x(13).
5
Let y(k) = 2*k + 21. What is y(-8)?
5
Let w(h) = -h**3 - 3*h**2 - 12. Calculate w(-4).
4
Let f(z) = -3*z + 1. What is f(-2)?
7
Let m(u) = 2*u**3 - 14*u**2 - u + 23. Determine m(7).
16
Let n(r) = -52*r - 1562. Determine n(-30).
-2
Let g(n) = -2*n**2 + 31*n + 53. Give g(17).
2
Let f(l) = -l**3 - 7*l**2 - 4*l + 2. Give f(-5).
-28
Let w(d) = d**3 - 12*d**2 - 84*d - 27. Determine w(17).
-10
Let g(v) = 2*v**2 + 2*v - 2. What is g(5)?
58
Let z(d) = d**3 - 12*d**2 + 10*d + 11. Determine z(11).
0
Let v(x) = x - 10. Determine v(0).
-10
Let b(k) = 4*k**2 - 10*k - 7. Determine b(3).
-1
Let c(s) = -s**2 - 7*s - 11. Determine c(-3).
1
Let n(y) = y**3 + 11*y**2 - 4*y + 26. Determine n(-11).
70
Let u(w) = w + 13. What is u(10)?
23
Let g(u) = -u**3 - 13*u**2 + 4*u - 6. What is g(-13)?
-58
Let j(d) = 24*d + 4. Give j(-2).
-44
Let o(z) = -3*z + 37. Calculate o(-3).
46
Let o(p) = -p**3 - 18*p**2 - 26*p - 154. Give o(-17).
-1
Let c(y) = -4*y**2 - 29*y - 8. Calculate c(-10).
-118
Let s(u) = -u**3 + 11*u**2 + 12*u - 10. Determine s(12).
-10
Let d(w) = 3*w - 17. Give d(15).
28
Let z(s) = -s**3 - 3*s**2 - s - 2. Give z(-3).
1
Let z(h) = -h - 17. What is z(-10)?
-7
Let h(t) = -t**2 + 69*t - 850. Calculate h(16).
-2
Let h(k) = -k**2 + k. What is h(-5)?
-30
Let w(n) = -2*n**2 + n - 1. Give w(3).
-16
Let t(f) = -f**3 - f**2 - 8*f - 6. What is t(5)?
-196
Let a(s) = s**3 - s**2 + 4*s - 5. Give a(2).
7
Let g(b) = b**3 - 3*b**2 + 15*b - 38. Determine g(3).
7
Let d(i) = -i**3 + 6*i**2 - 2*i + 6. Calculate d(6).
-6
Let x(a) = 7*a**2 - 38*a + 13. Determine x(5).
-2
Let i(a) = -a**2 + 12*a + 20. Give i(14).
-8
Let k(r) = -13*r - 6. What is k(-4)?
46
Let c(s) = -s**2 + 41*s + 86. Give c(-2).
0
Let j(f) = -6*f - 2. Calculate j(-3).
16
Let g(y) = 5*y - 1. Calculate g(-5).
-26
Let n(w) = w**3 - 8*w**2 + 5*w + 33. What is n(7)?
19
Let o(q) = -2*q**2 + 4*q + 1. What is o(-3)?
-29
Let h(r) = 4*r + 26. What is h(-15)?
-34
Let u(x) = 3*x**3 - 21*x**2 + 3*x - 24. Calculate u(7).
-3
Let h(p) = p**2 + 10*p + 14. Determine h(-8).
-2
Let b(y) = 70*y**2 - y. Determine b(-1).
71
Let v(n) = -9*n - 4. Give v(-2).
14
Let n(t) = t**2 - 12*t - 5. What is n(-5)?
80
Let f(h) = h**3 - 6*h**2 + 10*h - 8. Give f(5).
17
Let u(l) = 3*l**2 + 12*l - 12. Determine u(-11).
219
Let v(m) = -m**2 - 5*m + 25. Determine v(4).
-11
Let l(h) = 4*h - 250. Calculate l(54).
-34
Let h(y) = 3*y + 2. Give h(-3).
-7
Let l(c) = -2*c**2 - 9*c + 1. Give l(-5).
-4
Let f(m) = m - 37. Give f(25).
-12
Let q(j) = -j**2 + 39*j - 230. Give q(32).
-6
Let u(g) = -6*g - 5. Determine u(-6).
31
Let v(b) = -b**3 + 18*b**2 - 51*b - 75. What is v(14)?
-5
Let n(k) = -k**2 - 11*k + 10. Determine n(-10).
20
Let v(w) = 3*w**2 + w - 2. What is v(-2)?
8
Let z(i) = 32*i + 119. Determine z(-4).
-9
Let l(t) = 2*t**2 - 7*t - 26. Calculate l(6).
4
Let f(s) = -s**2 - 14*s + 40. Calculate f(-14).
40
Let m(h) = -h**3 - 20*h**2 + 44*h + 11. Give m(-22).
11
Let u(j) = j**3 - 13*j**2 + 1. What is u(13)?
1
Let u(i) = -i**2 + 14*i - 45. Calculate u(5).
0
Let v(n) = 7*n + 5. Calculate v(-9).
-58
Let r(p) = p**3 + 3*p**2 - 11*p + 11. Give r(-6).
-31
Let o(d) = -d**3 + 4*d**2 - 2*d + 5. Determine o(4).
-3
Let p(q) = -q**3 + 9*q**2 - 11*q + 2. What is p(8)?
-22
Let w(y) = -35*y + 117. Give w(3).
12
Let w(k) = 21*k + 226. Give w(-11).
-5
Let b(k) = -4*k + 24. Determine b(6).
0
Let p(h) = h**2 - 7*h + 4. What is p(3)?
-8
Let i(p) = p**3 - 18*p**2 + 42*p + 46. Give i(15).
1
Let u(n) = 24*n. What is u(-1)?
-24
Let t(c) = c**2 + 10*c + 14. Calculate t(-9).
5
Let p(w) = w**2 + 2*w - 3. Calculate p(2).
5
Let p(m) = 48*m. What is p(1)?
48
Let q(c) = -6*c - 12. Calculate q(4).
-36
Let k(a) = 15*a - 487. Calculate k(33).
8
Let i(x) = -3*x**2 - 4*x - 9. Give i(-5).
-64
Let h(k) = 7*k - 23. Calculate h(4).
5
Let w(c) = c**2 + 13*c + 12. What is w(-10)?
-18
Let r(k) = k**3 + 25*k**2 - 85*k - 25. Calculate r(-28).
3
Let v(m) = 3*m. Give v(5).
15
Let s(c) = -c**3 - 7*c**2 + 16*c - 2. Determine s(-9).
16
Let b(q) = q**3 - 3*q + 1. Determine b(-2).
-1
Let t(x) = x**2 - 10*x + 23. Give t(6).
-1
Let l(b) = -b - 12. Calculate l(-17).
5
Let y(d) = 10*d**2 - d. Determine y(2).
38
Let a(g) = -g + 3. Give a(3).
0
Let c(r) = -2*r + 2. What is c(5)?
-8
Let s(z) = z**2 + 7*z - 2. What is s(-5)?
-12
Let m(b) = b**3 - 6*b**2 + 4*b + 2. Give m(3).
-13
Let h(y) = -3*y + 20. Determine h(15).
-25
Let b(h) = -h**2 + 5*h - 15. Give b(6).
-21
Let j(s) = -4*s + 85. Determine j(6).
61
Let n(b) = -3*b - 5. Determine n(5).
-20
Let k(n) = n**3 - 10*n**2 - 5*n + 14. Determine k(10).
-36
Let l(w) = -2*w**3 + 2*w**2 + w - 2. Determine l(1).
-1
Let p(w) = -2*w**3 - w**2 + w + 1. What is p(-2)?
11
Let d(w) = -8*w - 35. Calculate d(-4).
-3
Let x(w) = -2*w + 27. Give x(25).
-23
Let v(q) = -q**3 + 14*q**2 - 28*q + 46. Give v(12).
-2
Let r(h) = 4*h**3 + h**2 - h - 1. What is r(1)?
3
Let q(a) = a - 8. Determine q(-9).
-17
Let u(r) = -r**2 - 5*r + 10. Give u(-6).
4
Let d(o) = 3*o - 24. What is d(5)?
-9
Let o(v) = -24*v + 77. Determine o(3).
5
Let b(f) = -f**2 - 17*f - 28. What is b(-14)?
14
Let h(r) = -r**3 - 22*r**2 + 22*r - 37. Calculate h(-23).
-14
Let y(p) = -2*p**2 + 4. Give y(-6).
-68
Let x(p) = p**3 - 2*p**2 + 2*p - 4. Give x(2).
0
Let k(v) = -34*v + 97. Calculate k(3).
-5
Let g(c) = -17*c**2 + 4*c - 2. Determine g(1).
-15
Let y(b) = 3*b**2 - 73*b + 141. Give y(2).
7
Let j(p) = p**2 + 5*p - 15. Give j(-7).
-1
Let w(r) = -r + 6. Calculate w(-7).
13
Let r(b) = -b**3 - 4*b**2 + 20*b + 74. Determine r(-5).
-1
Let k(t) = -2*t**3 + 124*t**2 - 122*t + 4. Calculate k(61).
4
Let p(q) = -q**2 - 3*q - 4. Calculate p(4).
-32
Let a(w) = -w**2 - 8*w + 11. Determine a(-11).
-22
Let z(w) = -5*w**2 + 2*w - 13. Determine z(3).
-52
Let x(r) = 3*r**2 - 3*r + 7. What is x(-5)?
97
Let v(m) = 4*m**2 + 74*m + 104. Calculate v(-17).
2
Let s(o) = -5*o - 61. Calculate s(-17).
24
Let o(j) = -21*j + 97. Determine o(9).
-92
Let z(s) = -3*s - 85. Give z(21).
-148
Let a(n) = 11*n + 5. What is a(0)?
5
Let m(b) = -132*b**2 - 3*b - 2. What is m(-1)?
-131
Let n(s) = -s**2 + 10*s + 40. Calculate n(12).
16
Let i(u) = -u**2 + 3*u. Calculate i(3).
0
Let a(k) = -k + 51. Calculate a(52).
-1
Let c(q) = q**3 + 20*q**2 - 27*q - 131. What is c(-21)?
-5
Let v(w) = -w**3 - 4*w**2 + w + 8. Determine v(-4).
4
Let s(y) = -7*y + 23. Calculate s(14).
-75
Let d(h) = -h**3 - 8*h**2 - 2*h - 7. Give d(-8).
9
Let b(y) = 2*y - 26. What is b(12)?
-2
Let m(u) = u**2 + 11*u + 3. What is m(-10)?
-7
Let q(g) = -g**2 + 7*g + 9. Calculate q(8).
1
Let d(x) = -5*x - 73. Give d(-11).
-18
Let h(w) = -90*w + 360. Determine h(4).
0
Let k(b) = -6*b - 37. Give k(-11).
29
Let j(y) = -y**3 + 17*y**2 - 65*y - 10. What is j(6)?
-4
Let g(q) = -q**3 - 11*q**2 - 17*q + 8. Determine g(-9).
-1
Let x(w) = -15*w - 91. Calculate x(-8).
29
Let l(a) = -2*a - 19. Give l(-7).
-5
Let r(v) = -v - 8. Give r(-8).
0
Let s(w) = -w**2 - 5*w - 17. Determine s(-4).
-13
Let g(m) = -m**2 + m + 9. Give g(0).
9
Let n(a) = 2*a**3 + 24*a**2 - 27*a - 13. Give n(-13).
0
Let i(s) = 17*s + 603. Determine i(-35).
8
Let x(d) = d**3 - 19*d**2 + 3*d - 65. Give x(19).
-8
Let q(u) = 12*u - 77. Determine q(7).
7
Let f(i) = i**3 - 9*i**2 + 6*i + 3. Determine f(8).
-13
Let l(c) = c**2 + 20*c - 45. What is l(-20)?
-45
Let a(y) = -3*y**2 + 26*y + 18. Determine a(10).
-22
Let a(t) = -8*t**2 - 105*t - 7. Determine a(-13).
6
Let r(k) = k**3 - 5*k**2 + 12*k - 23. Calculate r(3).
-5
Let y(g) = -2*g**2 - 5*g + 3. Determine y(-5).
-22
Let y(i) = i**2 + 3*i - 40. Calculate y(5).
0
Let p(b) = -b**2 - 7*b - 6. Determine p(-4).
6
Let p(g) = 3*g - 8. What is p(-18)?
-62
Let t(k) = k**2 + 44*k + 344. What is t(-33)?
-19
Let j(a) = -a - 10. Determine j(-8).
-2
Let n(h) = -h**2 + 18*h - 24. What is n(17)?
-7
Let h(u) = -u**3 + u**2 + 2*u - 9. Calculate h(0).
-9
Let p(w) = 6*w + 3. Determine p(-6).
-33
Let w(y) = 16*y - 34. Determine w(8).
94
Let l(k) = k**3 - k**2 - 7*k + 4. Give l(-3).
-11
Let r(j) = 9*j + 5. Determine r(-6).
-49
Let j(g) = -16*g + 50. Calculate j(3).
2
Let f(j) = -257*j